) = x + 3. Let m be n(-2). Give s(m).
3
Suppose -5*v - 18 = -3*w - 3*v, 0 = w + 4*v + 8. Let y be w + 0 - (-8)/(-1). Let j(o) = -o**3 - 5*o**2 - 4*o + 1. What is j(y)?
1
Let t(v) = -v + 5. Suppose -5*o + 35 = 5*m, -6*o = -o - 20. Give t(m).
2
Suppose 34*m - 120 = -6*m. Let t(g) = -g**2 + 2*g - 6. Determine t(m).
-9
Let d(i) = -i**3 + 3*i**2 + 3*i - 1. Let w(j) = -38*j**2 - 42*j**2 + 81*j**2 + j. Let r(g) = -d(g) + 4*w(g). Determine r(-2).
-5
Suppose -5*r - 15 = -5*m, 0 = -r + 2 - 0. Let u(a) = a**3 - 3*a**2 - 11*a + 5. Let l be u(m). Let d(f) = -f**3 + f**2 + f - 6. Give d(l).
-6
Suppose 0 = -y - 3*y. Let p(v) = -7*v**3 + 4*v**2 - v. Let i(k) = -5*k**3 + 3*k**2 - k - 2. Let f(x) = 3*i(x) - 2*p(x). Determine f(y).
-6
Let j(n) = -n**3 + n**2 - n + 61. Let u be ((-32 - -32)/(-4 + 1))/(-2). Calculate j(u).
61
Let g(z) = -3*z + 4 - z**2 + 0*z**2 + 2. Let o be g(-5). Let x(f) = 20*f - 11*f + 3 - 11*f. Give x(o).
11
Suppose -5*c = -c + 64. Let g be 62/16 + (-2)/c. Let r(n) be the first derivative of n**3/3 - 3*n**2 + 5*n + 16. What is r(g)?
-3
Let l(o) = -4*o**3 - o. Let d(b) = -b**3 - 2*b**2 + 4*b + 4. Let h be d(-4). Let u be 1*(-8)/h*(-5)/2. Determine l(u).
-5
Let y(h) = -h. Suppose -142*i + 36 = -139*i. Calculate y(i).
-12
Let d(i) be the first derivative of i**4/4 + 4*i**3/3 + 5*i - 10. Let w(g) = -g**3 + 10*g**2 - 4. Let t be w(10). Calculate d(t).
5
Let c(d) = 3*d - 1181*d**3 + 4 - 5 + 1182*d**3. What is c(2)?
13
Let y(g) = -g**2. Let u(h) = -h + 6. Let k be u(6). Suppose k = 4*a + a. Determine y(a).
0
Let n(j) = -2*j**2 - 10*j + 8. Let y be n(-6). Let m(b) be the first derivative of -b**3/3 - b**2 - b + 4. Determine m(y).
-9
Let z(f) = f**3 - 2*f + 1. Let m(x) = 4*x**3 - 17*x**2 - 10*x + 20. Let l(h) = -m(h) + 5*z(h). Calculate l(-17).
-15
Let a(l) = l + 1. Let m be a(3). Let z = 0 - m. Let b(n) = -n**3 - 5*n**2 - 5*n. Let p be b(z). Let h(i) = 4*i - 4. What is h(p)?
12
Let l(t) be the first derivative of t**4/2 - t**3/3 + t**2/2 + t - 274. Determine l(-2).
-21
Let a(v) = -v**3 - 5*v**2 - 5*v - 2. Let d = 33 - 22. Suppose -d*t - 28 - 16 = 0. Give a(t).
2
Let t(j) be the first derivative of 5*j**2/2 + 366. Let w(z) = -3*z**3 + z**2 + z. Let k be w(-1). Calculate t(k).
15
Let b(d) = d**2 + 3*d - 7. Let q be 2/(-8)*(-38 + 58). Calculate b(q).
3
Let q(i) = i**3 - 7*i**2 + 5*i + 9. Let k be q(6). Let p(y) = 3*y**2 - 2*y + 2. Calculate p(k).
23
Let c(w) = -16*w**2 + 8*w + 2. Let b(f) = -48*f**2 + 21*f + 6. Let a(v) = 3*b(v) - 8*c(v). Give a(1).
-15
Let h(v) be the third derivative of -1/8*v**4 + 0*v - 23*v**2 + 0 + 1/12*v**5 - 1/3*v**3 - 1/120*v**6. Give h(3).
7
Let b(h) = 1 + 7*h - 5*h - 7*h. Suppose -2*i + 8 = -4*i. Let j = i + 2. Calculate b(j).
11
Let d(f) = 3*f**2 + 43*f + 82. Let a be d(-12). Let n(w) = -w**3 - w**2 + 3*w. Give n(a).
-2
Let q(u) = u**3 - 3*u**2 + 3*u. Let m(t) be the third derivative of 0*t - t**2 - 11/24*t**4 - 3/20*t**5 + 1/120*t**6 + 2*t**3 + 0. Let g be m(10). What is q(g)?
2
Let h(n) = -3*n**2 - 2*n - 1. Let t = 31 + -31. Let g(j) = 2*j - 2. Let v be g(t). Give h(v).
-9
Let b(q) = 4 + 1 - 7*q - 2 - 4 - q**2. Let r = 476 - 482. Give b(r).
5
Let f(k) be the second derivative of 1/6*k**3 - 4*k**2 - 14*k + 0. Calculate f(7).
-1
Let o(w) = 9*w - 1. Let t(p) = -p**3 - 3*p**2 + 3*p + 2. Let b be t(-4). Let u = -3 + b. Suppose -2*c - 1 = -u. Give o(c).
8
Let g(i) = -4*i**2 + 38*i + 3. Let q be g(9). Let n(d) = -23*d + 1. Let t be n(-1). Let z = t - q. Let w(h) = -h**3 + 4*h**2 - 1. Give w(z).
8
Suppose 12 - 6 = 3*y. Let o(x) = 3*x**2 - 21 - 2*x**2 + 22. Calculate o(y).
5
Suppose 0 = -3*m + 37 + 101. Suppose 19*y - 4 = 15*y. Let g(h) = -47*h**3 - 5*h**2 - y + 3 + m*h**3. Determine g(-2).
-10
Let f(t) = t**3 - 2*t**2 - 5*t + 3. Let o = 57 - 94. Let s = o - -40. What is f(s)?
-3
Let i(s) = 4*s + 31. Let p be i(-9). Let c(v) = v**2 + 6*v + 4. What is c(p)?
-1
Let j = 834 + -835. Let d(v) be the first derivative of 2*v**2 - 2. Give d(j).
-4
Let p(v) = v**3 + 6*v**2 - 9*v - 7. Let a be 7/1*(-36)/(-14). Suppose -n = -3*l + 15, n + 3*l - 12 = -3. Let i be a/(-27) - (-19)/n. Give p(i).
7
Let g(q) = -12 + 11 + 14 + 8 + q. What is g(-9)?
12
Let c(a) = -3*a - 1. Let k(s) = -3*s - 2. Let r(d) = -7*c(d) + 6*k(d). Let m(x) = -4*x**3. Suppose -5*i + 2*i = 3. Let f be m(i). Give r(f).
7
Let n(h) = 2*h - 9. Suppose 0*s + 5*s - 55 = 0. Suppose 4*d + s = -29. Let t = d + 16. What is n(t)?
3
Suppose 0*w = -w + 5. Let a(r) = r. Let u(k) = -k + 2. Let x(c) = -2*a(c) - u(c). What is x(w)?
-7
Let u(s) = -s**2 - 6*s + 9. Let g = 102 - 107. Let z be (g + 34/4)*-2. Calculate u(z).
2
Let u(k) = 10*k**2 - 1 + 5*k**2 - 19*k**2 + 3 + k. What is u(-2)?
-16
Let z be (2 - 3)*4/(-2). Let q(x) = -44*x + 1 + 2*x**z + 44*x. Let a(i) = -i**3 - 10*i**2 + 1. Let j be a(-10). Determine q(j).
3
Let l(r) = -2*r**3 + 1. Let o be l(-1). Let j be (-12)/18 - (-14)/o. Let x(k) = -2*k**3 + k**3 + 5 - 2*k + 5*k**2 - 9. Calculate x(j).
4
Let l(p) be the second derivative of -5*p**3/3 - 3*p**2 + 171*p - 2. Give l(2).
-26
Let a(g) = -g**2 - g. Let y(w) = 5*w**2 + 10*w + 2. Let q(z) = 4*a(z) + y(z). Let m be (-2890)/(-119) + 2/(-7). Suppose -41*j - m = -37*j. Give q(j).
2
Let h(g) = -4*g**2 + 6*g - 1. Let i = 573 - 568. Calculate h(i).
-71
Suppose x + 4*x = 4*o - 80, 3*o = -x + 79. Suppose 2*u = 7*u + o. Let q(z) be the third derivative of z**6/120 + z**5/12 + z**4/8 + z**3/3 + 13*z**2. Give q(u).
-13
Let x(m) = -m + 3. Suppose 17 = -4*z - 7. Give x(z).
9
Let g(f) = -3*f + 67. Let v be g(19). Let t(d) = -d**2 + 8*d + 13. Calculate t(v).
-7
Suppose 9*n - 5*n + 404 = 0. Let d = n + 103. Let v(f) be the first derivative of 3*f**4/4 - 4*f**3/3 + 3*f**2/2 - 2*f - 1. Calculate v(d).
12
Let t(j) = -4*j**2 - 8*j + 4. Let s = -15 - -21. Let k(y) = 12*y**2 + 23*y - 11. Let f(p) = s*k(p) + 17*t(p). Give f(-2).
14
Let n(u) = 3*u**2 + u + 4. Let c(l) = -4*l**2 - 2*l - 4. Let k(v) = 2*c(v) + 3*n(v). Let f = 10 + -8. Suppose 16 = f*d + 4*r, -4*d = -0*r + r - 4. Give k(d).
4
Let j(o) = o**2 + 6*o - 3. Let z be 2 + (-1 - 0) + (-6 - -1). Give j(z).
-11
Let b be (-51)/(-2)*22/(-33). Let u(d) = d + 22. Calculate u(b).
5
Suppose 5*u + 9 = -21. Let d be (2/3)/((-4)/u). Let m(n) = -54 + 55 + 12*n**2 - 4*n + 2*n. Determine m(d).
11
Let p(q) be the second derivative of -3*q**5/20 - q**4/12 + q**2/2 - 2*q. Let x(i) = i**2 - 7*i - 229. Let n be x(19). Calculate p(n).
3
Let h(r) = 7*r - 10. Suppose -5*u + 27 = -19*f + 22*f, -5*f = u - 23. Calculate h(u).
11
Let v(u) = -u**2 - 12*u - 10. Suppose -40*f = -37*f + 33. Determine v(f).
1
Let p(m) be the third derivative of -m**6/120 + m**5/15 + m**4/6 - 5*m**3/6 - 14*m**2 - 2*m. Give p(5).
-10
Let i(t) = -35*t**2 + 10*t + 8. Let l(k) = -44*k**2 + 10*k + 7. Let n(v) = 5*i(v) - 4*l(v). What is n(-6)?
-12
Suppose -2 - 19 = -2*r + 5*y, -4*y = 5*r - 36. Let d(k) = k**2 - 8*k + 7. Give d(r).
7
Let x be -3*((-8)/12)/(-1). Let y be (2/x)/((-7)/(-49)). Let u = 1 + y. Let a(c) = -c**2 - 7*c - 7. Give a(u).
-1
Let d(n) = -66*n - 323. Let i be d(-5). Let k(y) = y**3 - 8*y**2 + 7*y + 10. Calculate k(i).
10
Let i(h) = -h**2 + 5*h + 2. Suppose x + 4 - 6 = 0. Suppose 5 = -j + x*m - 0*m, -m + 10 = j. Determine i(j).
2
Let q be (-29)/58*-4*2. Let z(i) be the first derivative of -2*i + 1/2*i**2 - q. Determine z(-3).
-5
Let n(z) = 5*z**2 - 84 - 5*z + 43 - 7*z**3 + 37 + 6*z**3. Let l = 7 - 3. Give n(l).
-8
Let f = -350 - -362. Let n(h) = h**2 - 12*h - 11. Determine n(f).
-11
Let g(s) = -6*s + 42. Let d be g(6). Let m(h) = -11*h + 65. Determine m(d).
-1
Let u(f) = -f**2 + f - 2. Let p(t) = t**3 + 10*t**2 + 2*t - 63. Let r be p(-9). Give u(r).
-2
Let g be (-4)/(-16)*16 - (-7 + 9). Let b(h) = -h**3 - 3*h**2 - h - 1. Let k be b(-3). Let s(z) = z**k - z + z**2 + 0 - 2. Determine s(g).
4
Let h(s) = s**2 - 8*s + 2. Suppose -19 = 10*k - 29. Suppose -n + 4 + k = 0. What is h(n)?
-13
Suppose 5*l - 3*k = 18, -l + 2*k - 4*k = -1. Let f(b) = b**l + 5*b**2 + 0*b**3 - 4 - 4 + b + 4. Calculate f(-5).
-9
Let s(i) = -23*i - 41*i**2 + i**3 + 17*i**2 - 10 + 33*i**2. Determine s(-11).
1
Suppose 5*u - 21 = -36. Let s be (-2)/(-10) - (41/5 + u). Let j(w) = -w. Determine j(s).
5
Suppose -3*l - 4*l + 532 = 0. Let d = l - 75. Let o(u) = u + 1. Determine o(d).
2
Let b(o) = -4*o - 7. Let a = 124 - 120. Determi